11 - m. Let r(s) = s**2 - 2*s - 4. Determine r(y).
-1
Let v(x) be the second derivative of -x**8/6720 - x**7/840 + x**6/360 + x**5/24 - x**4/3 + 2*x. Let h(n) be the third derivative of v(n). Calculate h(-4).
13
Let m(t) = -5 + 6*t + 10 - 9 - 3*t. Give m(-5).
-19
Suppose -2*w - x - 3 = 0, 0*x - 12 = 3*w + 3*x. Suppose -j + w = 2. Let s(g) = -2*g + 10*g**3 - 105 + 2*g + 106. Calculate s(j).
-9
Suppose -4*k = 5*p - 18 - 9, -3*k - 4*p + 21 = 0. Suppose -k*m = -2*m. Let n(i) = i**2 + 18. Determine n(m).
18
Let o be -1 - (5/1 - -2). Let v be (o/(-6))/(22/33). Let a(m) = -2*m**2 - 2*m + 0 + 1 + 3*m**2 + 1. Give a(v).
2
Let l = 3 + -5. Let t(m) be the second derivative of -m**5/20 - m**4/4 - m**3/2 + 8*m. Determine t(l).
2
Let m = -17 - -12. Let u = 3 + m. Let r(j) = j**3 + j**2 + 2. Give r(u).
-2
Let v(s) = -6*s**3 - 4*s - 2. Let x(i) = -5*i**3 + i**2 - 3*i - 2. Let g(u) = 4*v(u) - 5*x(u). What is g(5)?
-3
Let p(h) = 26 - 94 + 33 - 3*h + 34. Let c(d) = -3*d**2. Let a be c(-1). Calculate p(a).
8
Let f(u) = -5*u**3 - 2*u**2 + 4*u + 4. Let w(r) = 11*r**3 + 5*r**2 - 9*r - 9. Let n(m) = 9*f(m) + 4*w(m). Suppose -6*d = -4*d - 4. What is n(d)?
0
Suppose 2*i - 5*a + 9 + 18 = 0, -2*a + 6 = 0. Let b(p) = -3*p**3 - 1 + 2*p**3 - 5 - 7*p**2 - 8*p. Determine b(i).
6
Let p(v) = v**3 - 7*v**3 + 4*v + v**2 - 3*v**2 - 2 + 3*v**3. Give p(2).
-26
Let l = 2/2129 + 2009/127740. Let o(x) be the third derivative of -l*x**5 + 0 + 0*x - x**2 + 1/6*x**3 + 0*x**4 + 1/20*x**6. Determine o(1).
6
Let n(c) = 6*c**2 + 8*c + 9. Let h(a) = 7*a**2 + 9*a + 10. Let k(z) = -5*h(z) + 6*n(z). What is k(-3)?
4
Let n(d) be the first derivative of 14*d**3/3 + d**2/2 + d + 21. Give n(-1).
14
Suppose -10*q = -8*q + 8. Let a(v) = -v**2 + 5. Calculate a(q).
-11
Let i(r) = -2*r**3 - 2*r**3 - 4*r**3. Let g be -6*-3*1/(-6). Let b be (2/g)/(2/(-3)). What is i(b)?
-8
Let h(v) = 2*v**2 + 4*v - 4. Let p be h(-5). Suppose 3*b - p = -2*b + 2*o, 2*o + 14 = 2*b. Suppose -b*r + 10 = -9*r. Let a(t) = -6*t - 3. What is a(r)?
9
Let l(y) be the second derivative of -y**3/6 - y**2 + y. Suppose 0 = 7*o - 3*o - 12. Suppose o = -8*h - 5. Determine l(h).
-1
Let u be 2*2*12/(-16). Let z(v) = -2 - 1 - 4*v**2 - v + 6*v**2 + 4*v. Determine z(u).
6
Let u be (-1)/(2*(-3)/18). Let x(z) = -3*z**3 - 2*z**u + 4*z**3. Determine x(1).
-1
Let v(w) be the second derivative of w**4/4 + w**3/3 - 3*w**2/2 - 13*w. Calculate v(2).
13
Let s(y) = y - 23. Let r be s(18). Let z(i) be the second derivative of -i**3/6 - 2*i**2 + 2*i. Calculate z(r).
1
Let a = 0 - -1. Suppose -4*f + 24 = -0. Let z(b) = 4*b - f*b + 2*b**2 + 0 + 1. Determine z(a).
1
Let c(x) = -2*x. Suppose -2*n - 26 = -4. Let h = 7 + n. Determine c(h).
8
Let k(o) = -o + 1. Let g(w) = w**2 - 11*w + 4. Let y(h) = -g(h) + 3*k(h). Give y(7).
6
Let l(m) = m - 1. Suppose 0 = -4*r + 7 + 9. Calculate l(r).
3
Let r(h) be the third derivative of -h**5/60 + h**4/4 - 5*h**3/6 + 12*h**2 - 3. Determine r(6).
-5
Let t(x) = -9*x**3 + 17*x**2 - 31*x + 32. Let g(r) = 5*r**3 - 8*r**2 + 16*r - 16. Let s(v) = -7*g(v) - 4*t(v). Let u be s(11). Let f(o) = -o + 1. What is f(u)?
6
Let u(g) = -g**3 + g**2 - g + 1. Let d be u(1). Let r be (1 - 0)/(-1) + 5. Let o(s) = r*s - s**3 - 3*s + 0*s - 1 + s**2. Give o(d).
-1
Let x(i) = i**2 - 4*i + 5. Let h = 7 + 1. Let k = -4 + h. What is x(k)?
5
Let k(c) = 7*c - 6*c + 2*c**2 - 3*c**2 + 4*c**3 - 3*c**3 - 5. Calculate k(0).
-5
Suppose 5*m - 11*m - 24 = 0. Let a(o) = 0 - 4*o**2 - o + 4 + 3*o**2. What is a(m)?
-8
Suppose 0*t = 2*t - 20. Suppose -2*q - 2 - t = 0. Let k(i) = i**2 + 4*i - 7. Determine k(q).
5
Let g(l) = -l**2 + 3*l - 2. Suppose -20 = h + 5*d, -1 - 14 = -h + 2*d. Suppose 20 = 5*t - h*p, -2*t + 3 = -t - 2*p. Determine g(t).
-12
Let m(d) = d + 4. Suppose 0*v + v - 4 = 0. Let o be (-1)/v - 140/16. Let b(l) = l + 6. Let n be b(o). Give m(n).
1
Let f(y) = 7*y - 5. Let n(h) = 8*h - 6. Let p(c) = 7*f(c) - 6*n(c). Let a(m) = 2*m**2 - m + 1. Let j be a(0). Calculate p(j).
2
Suppose 0 = 2*h - 3 - 3. Let j(c) = c**3 - c**2 - c. Suppose -5 = -l - 4*l. Let u(x) = -2*x**3 + x**2 + 3*x - 2. Let p(q) = l*u(q) + 3*j(q). Give p(h).
7
Let c = 24 - 28. Let p(o) = -2*o + 5. Give p(c).
13
Suppose 3 = -3*p - 4*j, -2*p + 0*j + j + 9 = 0. Suppose -20 = p*b + 2*b. Let q(u) = -u + 1. Give q(b).
5
Let q(c) = c + 4. Let a be q(-4). Let j(p) be the first derivative of p**2/2 + 11*p - 59. What is j(a)?
11
Let m(d) = -d**2 - d + 1. Let p(y) = 7*y**2 + 4*y - 4. Let q(o) = -4*m(o) - p(o). Let l be (-372)/14 + (-8)/(-14). Let i = l + 25. What is q(i)?
-3
Let n be -3*(-1)/(-2)*-2. Let m = n - -3. Let q(z) = -z**3 + 7*z**2 - 5*z - 3. What is q(m)?
3
Let u(m) = 31*m - 6 - 36*m + 3 + m**2. What is u(7)?
11
Let q(b) = 3*b**3 + 2*b**2 + 2*b + 1. Let s be (-1 - 5)*(-2)/3. Suppose 18 = s*h - 5*t, -1 = -3*h + 5*t + 15. Suppose -h*a = a + 3. Calculate q(a).
-2
Let h(j) = -2*j**2 + 1. Let n = 22 - 23. What is h(n)?
-1
Let a be -5 + 16 + (-2 - 1). Let w(c) = -c + 5. Determine w(a).
-3
Let v = 18 - 15. Let g = -8 + v. Let m(t) = -t**3 - 5*t**2 + t + 4. Determine m(g).
-1
Let v(p) = p + 5. Let r(g) = g - 15. Let s be r(-9). Let w = -28 - s. What is v(w)?
1
Suppose -p + 0 = -11. Let s = 6 - p. Let d = -1 + s. Let r(f) = -f**2 - 5*f + 3. Calculate r(d).
-3
Let f(y) = -3 + 4 - 1 + 2 + y**3 + 4*y**2 + 4*y. Let p(i) = i**3 - 4*i**2 + 2*i + 2. Let n be p(2). What is f(n)?
2
Let v(u) = u + 4. Let q be v(0). Suppose 2*p = -p - q*c + 22, -5*p = 3*c - 33. Let x(o) = -o**3 + 6*o**2 - 4*o + 8. What is x(p)?
-16
Let p(u) = -2*u**2 - 4*u - 2. Suppose -q + 4*f = 4 - 2, -2*f = 0. Calculate p(q).
-2
Let v(h) be the first derivative of -h**3/3 - 2*h**2 + h - 6. Let n(c) = -c - 10. Let k be n(-5). Determine v(k).
-4
Let r(o) be the first derivative of -o**2/2 + 2*o + 10. Calculate r(-2).
4
Suppose -5*m - x + 5*x = 41, 0 = -m + x - 9. Let y(s) = 2*s - 5. Determine y(m).
-15
Let q(p) = -2*p + 3. Let u be q(2). Suppose -5*l + 20 = -0*l. Let g(r) = 8*r**2 - 2 + 5*r - l*r + 3. What is g(u)?
8
Let q(a) = -a**3 + 5*a**2 - 4*a - 1. Let s be q(3). Let k(h) = -h**2 + 8*h - 1. Let b(o) = -3*o**2 + 23*o - 3. Let u(t) = -3*b(t) + 8*k(t). Calculate u(s).
1
Let a = -5 + 7. Suppose -3*l = -a*h - 3*h - 10, 0 = -4*h - 20. Let j(w) = -w**3 - 4*w**2 + 5*w + 3. Determine j(l).
3
Let k(x) be the second derivative of 5*x**4/4 - x**3/6 - x**2/2 - 9*x. What is k(-1)?
15
Let p(m) be the second derivative of m**4/12 - 2*m**3/3 - 3*m**2/2 - 6*m. What is p(5)?
2
Let k be (-3 - -2)/((-3)/6). Let w(u) = -u**2 + 4*u - 3. What is w(k)?
1
Let h(i) be the first derivative of i**3/3 - 2*i**2 - 6*i - 4. Let p be 0*(-1 - -2) - -6. Calculate h(p).
6
Let r(w) = 3*w + 3. Let u(p) = p**3 + 8*p**2 - 12*p - 13. Let y be u(-9). Suppose -3*g + y = 5. Let v = g - 5. Give r(v).
-3
Let h be 28/6 + 2/6. Suppose -11 + 36 = h*y. Let s(f) = y*f - 3*f - 4*f**2 - f**2 + 1. Calculate s(-1).
-6
Let r(c) = -c + 4. Let y(v) = v**2 - 11*v - 5. Let t be y(11). Give r(t).
9
Let j be 6/1 + (3 - 5). Suppose -18 = j*q - 6. Let g(p) = -14 + 4 + 11 - 2*p. Determine g(q).
7
Suppose -4*j = -9*j. Let s(p) = -p**2 + 7. What is s(j)?
7
Let i(m) = m**2 + 2. Let t(v) be the second derivative of v**4/6 + 3*v**2/2 + 5*v. Let x(s) = -3*i(s) + 2*t(s). What is x(1)?
1
Let n(q) be the first derivative of q**6/360 + q**5/30 - 5*q**4/24 - q**3/3 + 2. Let r(p) be the third derivative of n(p). Calculate r(-4).
-5
Let a(f) be the third derivative of 1/3*f**3 - f**2 + 0 + 1/120*f**5 - 1/24*f**4 + 0*f. Let n(j) be the first derivative of a(j). Calculate n(-3).
-4
Let w(o) = o**2 + o - 1. Suppose 3*k = -k + 16. Suppose k*g + 2 = 2*z - 4, -8 = 3*g + 2*z. Give w(g).
1
Let r(k) = -5*k**2 + 17*k + 9. Let w(m) = m**2 - 4*m - 2. Let u(d) = 2*r(d) + 9*w(d). Let h be -2 + (1 - (0 + 2)). Let x be 3 + (-2 + 5)/h. Calculate u(x).
-8
Let n = 4 + -3. Let x(v) be the first derivative of -v**5/15 + v**4/24 - 2*v**3/3 - 7. Let q(m) be the third derivative of x(m). Determine q(n).
-7
Suppose 4*k + 5*y = 27, 2*y = -0*k + 2*k. Let x(w) = -w**3 + 4*w**2 - 4*w + 4. Calculate x(k).
1
Let t(q) = 4*q. Let p = -9 + 8. Give t(p).
-4
Let n(d) = 4*d**2 - d - 2. Suppose -3*h - 14 = 1. Let s(m) = 3*m**2 - m - 1. Let a(c) = h*n(c) + 8*s(c). Determine a(2).
12
Let h(j) = -j**2 + 10. Let m be (-4)/(-10) + 8/5. Suppose -v = v. Suppos